 {"id":984,"date":"2021-03-09T06:17:44","date_gmt":"2021-03-09T06:17:44","guid":{"rendered":"http:\/\/kho4.khomaudeprt.com\/haroo\/?page_id=984"},"modified":"2021-03-19T10:15:17","modified_gmt":"2021-03-19T10:15:17","slug":"contact","status":"publish","type":"page","link":"http:\/\/kho4.khomaudeprt.com\/haroo\/?page_id=984","title":{"rendered":"Contact"},"content":{"rendered":"<div class=\"row\"  id=\"row-1056785793\">\n<div class=\"col medium-6 small-12 large-6\"  ><div class=\"col-inner\"  >\n<div class=\"rt_contact\">\n<h2>HAROO FRIENDS<\/h2>\n<p>\u0110\u1ecba ch\u1ec9: 149 Trung K\u00ednh, P. Y\u00ean H\u00f2a, Q. C\u1ea7u Gi\u1ea5y, H\u00e0 N\u1ed9i.<\/p>\n<p>Hotline:\u00a00338964469<\/p>\n<p>Email: leeharoo23@gmail.com<\/p>\n<p>Website: kho4.khomaudeprt.com\/haroo<\/p>\n<\/div>\n<\/div><\/div>\n<div class=\"col medium-6 small-12 large-6\"  ><div class=\"col-inner\"  >\n<div role=\"form\" class=\"wpcf7\" id=\"wpcf7-f1140-o1\" lang=\"vi\" dir=\"ltr\">\n<div class=\"screen-reader-response\"><\/div>\n<form action=\"\/haroo\/index.php?rest_route=%2Fwp%2Fv2%2Fpages%2F984#wpcf7-f1140-o1\" method=\"post\" class=\"wpcf7-form\" novalidate=\"novalidate\">\n<div style=\"display: none;\">\n<input type=\"hidden\" name=\"_wpcf7\" value=\"1140\" \/>\n<input type=\"hidden\" name=\"_wpcf7_version\" value=\"5.1.4\" \/>\n<input type=\"hidden\" name=\"_wpcf7_locale\" value=\"vi\" \/>\n<input type=\"hidden\" name=\"_wpcf7_unit_tag\" value=\"wpcf7-f1140-o1\" \/>\n<input type=\"hidden\" name=\"_wpcf7_container_post\" value=\"0\" \/>\n<\/div>\n<p><span class=\"wpcf7-form-control-wrap text-386\"><input type=\"text\" name=\"text-386\" value=\"\" size=\"40\" class=\"wpcf7-form-control wpcf7-text wpcf7-validates-as-required\" aria-required=\"true\" aria-invalid=\"false\" placeholder=\"First and last name\" \/><\/span><br \/>\n<span class=\"wpcf7-form-control-wrap tel-276\"><input type=\"tel\" name=\"tel-276\" value=\"\" size=\"40\" class=\"wpcf7-form-control wpcf7-text wpcf7-tel wpcf7-validates-as-required wpcf7-validates-as-tel\" aria-required=\"true\" aria-invalid=\"false\" placeholder=\"Phone number\" \/><\/span><br \/>\n<span class=\"wpcf7-form-control-wrap email-962\"><input type=\"email\" name=\"email-962\" value=\"\" size=\"40\" class=\"wpcf7-form-control wpcf7-text wpcf7-email wpcf7-validates-as-email\" aria-invalid=\"false\" placeholder=\"Email (*)\" \/><\/span><br \/>\n<span class=\"wpcf7-form-control-wrap textarea-779\"><textarea name=\"textarea-779\" cols=\"40\" rows=\"10\" class=\"wpcf7-form-control wpcf7-textarea\" aria-invalid=\"false\" placeholder=\"Content\"><\/textarea><\/span><\/p>\n<p><input type=\"submit\" value=\"Send\" class=\"wpcf7-form-control wpcf7-submit\" \/><\/p>\n<div class=\"wpcf7-response-output wpcf7-display-none\"><\/div><\/form><\/div>\n<\/div><\/div>\n<\/div>\n","protected":false},"excerpt":{"rendered":"","protected":false},"author":1,"featured_media":0,"parent":0,"menu_order":0,"comment_status":"closed","ping_status":"closed","template":"","meta":[],"_links":{"self":[{"href":"http:\/\/kho4.khomaudeprt.com\/haroo\/index.php?rest_route=\/wp\/v2\/pages\/984"}],"collection":[{"href":"http:\/\/kho4.khomaudeprt.com\/haroo\/index.php?rest_route=\/wp\/v2\/pages"}],"about":[{"href":"http:\/\/kho4.khomaudeprt.com\/haroo\/index.php?rest_route=\/wp\/v2\/types\/page"}],"author":[{"embeddable":true,"href":"http:\/\/kho4.khomaudeprt.com\/haroo\/index.php?rest_route=\/wp\/v2\/users\/1"}],"replies":[{"embeddable":true,"href":"http:\/\/kho4.khomaudeprt.com\/haroo\/index.php?rest_route=%2Fwp%2Fv2%2Fcomments&post=984"}],"version-history":[{"count":6,"href":"http:\/\/kho4.khomaudeprt.com\/haroo\/index.php?rest_route=\/wp\/v2\/pages\/984\/revisions"}],"predecessor-version":[{"id":1563,"href":"http:\/\/kho4.khomaudeprt.com\/haroo\/index.php?rest_route=\/wp\/v2\/pages\/984\/revisions\/1563"}],"wp:attachment":[{"href":"http:\/\/kho4.khomaudeprt.com\/haroo\/index.php?rest_route=%2Fwp%2Fv2%2Fmedia&parent=984"}],"curies":[{"name":"wp","href":"https:\/\/api.w.org\/{rel}","templated":true}]}}